e 7) in base 3?
211102210211
Convert -1003453 (base 7) to base 4.
-131002000
Convert 14289292 (base 10) to base 8.
66404614
247a638 (base 11) to base 8
20326022
What is 1c099 (base 15) in base 3?
11122012100
10111112220000 (base 3) to base 11
106126a
Convert 2f1a4a (base 16) to base 8.
13615112
What is -10222211012200 (base 3) in base 15?
-2bdc4c
What is 11000100000001111 (base 2) in base 7?
565421
Convert 14a318 (base 11) to base 12.
b3023
11140011 (base 5) to base 8
302065
-16a97d (base 14) to base 3
-1111112011001
-310024110 (base 5) to base 6
-42455140
Convert 2032021 (base 5) to base 4.
20021222
12031030030 (base 4) to base 5
404030032
What is -28112 (base 12) in base 16?
-d89e
-10121111 (base 4) to base 16
-4655
What is 238ba03 (base 12) in base 15?
915d03
What is 766896 (base 12) in base 4?
13022131302
What is -47565 (base 12) in base 16?
-1765d
What is -3011290 (base 10) in base 2?
-1011011111001011011010
Convert 2926d8 (base 14) to base 6.
50340130
What is -26276 (base 11) in base 14?
-d9b3
What is 143112442 (base 6) in base 5?
1223332002
180851 (base 9) to base 14
2cc87
Convert 6cdd4 (base 16) to base 13.
127c68
What is 6331102 (base 8) in base 16?
19b242
Convert 14313044 (base 5) to base 10.
151024
Convert -14410203 (base 5) to base 16.
-258cb
25015454 (base 6) to base 15
10ab71
-1100001011010001101001 (base 2) to base 3
-20000011111000
What is 313b6 (base 14) in base 12?
58870
Convert -7946d9 (base 14) to base 2.
-1111101110100011100111
What is 45526 (base 13) in base 6?
2411454
What is -20022111220012 (base 3) in base 9?
-6274805
Convert 100010100101011000110 (base 2) to base 10.
1133254
-11000010101000100100100 (base 2) to base 15
-85ea94
Convert 1010111100010101111101 (base 2) to base 16.
2bc57d
What is -42412 (base 9) in base 11?
-1a079
Convert 51620125 (base 7) to base 5.
2102403301
What is -c9196 (base 16) in base 14?
-17627c
-3564196 (base 11) to base 5
-3042311314
What is 23cb7ab (base 13) in base 5?
10322320340
6653534 (base 7) to base 16
c8348
Convert 1100010100111110 (base 2) to base 16.
c53e
What is 2410013031 (base 5) in base 4?
111022131303
Convert 5e673e (base 16) to base 12.
20a43ba
Convert 35224454 (base 6) to base 15.
168984
Convert -1c8d2 (base 15) to base 5.
-10434442
What is -cdcc2 (base 16) in base 11?
-526355
What is -6cd6d (base 15) in base 6?
-11235434
5f074 (base 16) to base 15
7a4e1
Convert 12030100 (base 6) to base 15.
76b4c
What is -10011010111000001101 (base 2) in base 14?
-12728d
Convert 124331434 (base 5) to base 3.
1011112200011
3644c5 (base 16) to base 5
1402302144
Convert 59db56 (base 14) to base 9.
5703036
1513c (base 13) to base 14
106c6
Convert 344102423 (base 5) to base 11.
9698a1
-22111021221 (base 3) to base 4
-220303303
Convert -4223551 (base 7) to base 3.
-221221000211
Convert -2d0b6 (base 16) to base 6.
-3542102
1645b (base 14) to base 11
38978
Convert 10010000001000001 (base 2) to base 14.
1cc6d
Convert 20401013 (base 5) to base 2.
101001001110110011
Convert -1100011110011111 (base 2) to base 15.
-1021d
-1055004 (base 7) to base 6
-2452113
What is -ba911 (base 13) in base 2?
-1010010011100001100
Convert -15314355 (base 7) to base 16.
-165f39
Convert 183c65 (base 14) to base 5.
204341300
What is -130101413 (base 5) in base 13?
-190013
What is -4243047 (base 8) in base 15?
-175666
Convert -452132003 (base 6) to base 11.
-470752a
Convert -12240123 (base 5) to base 6.
-2311015
What is 104412410 (base 5) in base 3?
212201001200
-111001111110100101 (base 2) to base 11
-152469
-16a650 (base 11) to base 14
-6bbac
-54785 (base 9) to base 11
-2535a
-199b83 (base 12) to base 13
-12b085
What is -233a3a (base 11) in base 9?
-625253
-30101212032 (base 4) to base 10
-3217806
Convert -20012020210102 (base 3) to base 13.
-8b354a
What is -13ba76 (base 15) in base 5?
-220410421
-1403021040 (base 5) to base 10
-3563895
What is 212056 (base 10) in base 14?
573cc
What is -118647 (base 12) in base 8?
-1053227
What is 11310133 (base 8) in base 4?
21121001123
-2535464 (base 9) to base 7
-14513452
What is 221635 (base 8) in base 13?
27c97
Convert -3887621 (base 9) to base 15.
-2be891
-3040120442 (base 5) to base 14
-b6ac16
-2600 (base 11) to base 10
-3388
1100111111110110 (base 2) to base 6
1050250
-1cb9ee (base 15) to base 10
-1406249
What is -5085d4 (base 16) in base 13?
-1129c8b
Convert -129404 (base 13) to base 12.
-197918
31699 (base 15) to base 2
100110010001001000
Convert -1001993 (base 13) to base 14.
-8da623
-a829a (base 11) to base 7
-1223630
Convert 35150 (base 6) to base 7.
20451
-21781c (base 16) to base 8
-10274034
-2a26b8 (base 16) to base 14
-51ca00
What is -376203 (base 10) in base 4?
-1123312023
Convert 32bd5 (base 15) to base 4.
213120110
What is -11313133 (base 4) in base 2?
-101110111011111
Convert 1661012 (base 7) to base 6.
4555505
Convert 1022222110100 (base 3) to base 15.
dec7c
What is -d4a60 (base 14) in base 11?
-31aaa4
b323c (base 13) to base 9
538474
What is 422161 (base 8) in base 7?
1123222
Convert -6944c7 (base 14) to base 7.
-42316540
10273887 (base 9) to base 3
100022110222221
Convert -8299b4 (base 12) to base 7.
-23263042
-1065647 (base 9) to base 5
-121344411
What is 21b72 (base 14) in base 16?
13fa8
Convert -100110001001110111 (base 2) to base 3.
-21221101010
69c30c (base 14) to base 2
1101110000011011001000
-201121220112 (base 3) to base 16
-5e4ff
What is -b2a1 (base 13) in base 3?
-1020210110
-144c62 (base 14) to base 16
-ac186
Convert -10001212202 (base 3) to base 11.
-41437
Convert d4354b (base 15) to base 13.
212188a
-53314 (base 11) to base 16
-12f08
-12804044 (base 9) to base 14
-ba7903
134c22 (base 14) to base 12
2817ba
110100011100110011001 (base 2) to base 6
100500505
What is -133143244 (base 5) in base 12?
-2883b9
What is -80907 (base 10) in base 15?
-18e8c
107404 (base 11) to base 5
20431411
247987 (base 13) to base 8
3252561
What is -14d784 (base 14) in base 5?
-141304043
Convert 2181851 (base 10) to base 4.
20110223123
What is -171d6 (base 14) in base 16?
-e298
What is -110010001100011000010 (base 2) in base 9?
-3076136
Convert 5097dd (base 16) to base 3.
100221100012122
What is a725b (base 12) in base 16?
35aa7
2202111111 (base 3) to base 13
1b949
Convert 2641331 (base 7) to base 12.
148468
Convert -4340101 (base 6) to base 10.
-215173
What is 110021210001 (base 3) in base 10?
241867
What is -1d931 (base 14) in base 12?
-37b07
What is 24576 (base 12) in base 7?
263265
Convert 7c43fb (base 16) to base 3.
120022202021201
What is 479844 (base 12) in base 5?
244012421
What is 210111010202 (base 3) in base 11?
269824
What is -9a82 (base 16) in base 5?
-2231204
Convert 55406036 (base 8) to base 7.
203260151
-60870 (base 11) to base 15
-1b511
Convert -456573 (base 8) to base 10.
-155003
-134323 (base 6) to base 9
-18316
764563 (base 9) to base 16
6f597
-11ea5d (base 15) to base 5
-210001323
What is -1744471 (base 9) in base 8?
-3556774
What is -41113 (base 11) in base 5?
-3410110
Convert 1101011011100000111 (base 2) to base 6.
13233211
-55ccb9 (base 16) to base 11
-31a0690
-201110440 (base 5) to base 4
-3003133221
70082 (base 10) to base 8
210702
Convert -13500052 (base 7) to base 4.
-10303300102
What is -1640c2 (base 15) in base 14?
-2005cb
What is -121320323023 (base 4) in base 14?
-c8944b
-12467671 (base 8) to base 6
-135335305
Convert 663430 (base 8) to base 7.
1616101
What is -778967 (base 10) in base 16?
-be2d7
10104424 (base 5) to base 9
134260
7918a (base 11) to base 16
1bffd
What is 1857765 (base 10) in base 13?
500790
-2201211002 (base 5) to base 7
-55015102
Convert -7266 (base 13) to base 8.
-36671
What is 22001110320 (base 4) in base 6?
132145240
What is -405069 (base 13) in base 5?
-340334434
What is 445340 (base 10) in base 5?
103222330
Convert 1287a6 (base 11) to base 14.
53848
What is 2760a (base 13) in base 3?
10201212011
What is 4011062 (base 7) in base 2?
1110011100100101000
What is -20320122 (base 5) in base 6?
-3324424
Convert -7582956 (base 10) to base 9.
-15236766
-4901090 (base 10) to base 14
-91817c
What is 130242 (base 7) in base 13?
acaa
What is 5073467 (base 8) in base 13?
37c643
Convert 1113123202 (base 4) to base 16.
576e2
-33675227 (base 8) to base 11
-4140019
What is -1022002010101202 (base 3) in base 9?
-38063352
What is -91d3d1 (b